or of 40 and 13360?
40
Calculate the highest common divisor of 21 and 357.
21
Calculate the highest common divisor of 455 and 130.
65
What is the greatest common divisor of 266 and 304?
38
Calculate the highest common factor of 811 and 1.
1
What is the highest common factor of 4642 and 198?
22
What is the highest common divisor of 36 and 12?
12
What is the greatest common factor of 2 and 254?
2
What is the highest common divisor of 893 and 76?
19
What is the highest common factor of 441 and 36?
9
What is the greatest common factor of 7912 and 920?
184
What is the greatest common factor of 36 and 396?
36
Calculate the greatest common divisor of 59 and 118.
59
What is the greatest common divisor of 2 and 59?
1
What is the greatest common factor of 83 and 1?
1
What is the greatest common divisor of 49 and 490?
49
What is the greatest common factor of 11490 and 15?
15
What is the greatest common divisor of 574 and 28?
14
Calculate the greatest common factor of 2835 and 840.
105
What is the highest common divisor of 96 and 112?
16
What is the highest common divisor of 19 and 551?
19
Calculate the greatest common divisor of 1915 and 10.
5
Calculate the greatest common factor of 679 and 49.
7
What is the highest common factor of 6975 and 36?
9
What is the greatest common factor of 6 and 528?
6
What is the highest common factor of 1188 and 3?
3
What is the greatest common factor of 155 and 10?
5
What is the highest common divisor of 342 and 285?
57
What is the greatest common factor of 221 and 272?
17
Calculate the greatest common divisor of 11 and 2343.
11
Calculate the highest common factor of 2256 and 48.
48
Calculate the highest common divisor of 23 and 2.
1
What is the greatest common divisor of 140 and 28?
28
What is the greatest common factor of 832 and 91?
13
Calculate the greatest common divisor of 216 and 270.
54
Calculate the highest common divisor of 5 and 16.
1
Calculate the highest common factor of 70 and 245.
35
Calculate the highest common factor of 2146 and 174.
58
Calculate the highest common divisor of 116 and 4756.
116
Calculate the greatest common divisor of 60 and 80.
20
What is the highest common factor of 208 and 182?
26
Calculate the highest common divisor of 354 and 3658.
118
Calculate the greatest common divisor of 1078 and 7238.
154
Calculate the highest common factor of 33271 and 97.
97
What is the greatest common factor of 992 and 31?
31
Calculate the highest common divisor of 18 and 207.
9
Calculate the greatest common divisor of 72 and 168.
24
Calculate the greatest common divisor of 324 and 3645.
81
Calculate the greatest common factor of 828 and 72.
36
Calculate the highest common divisor of 45 and 414.
9
What is the highest common divisor of 1 and 151?
1
What is the greatest common factor of 20 and 1890?
10
Calculate the highest common divisor of 338 and 78.
26
Calculate the greatest common factor of 616 and 264.
88
What is the greatest common factor of 45 and 465?
15
Calculate the greatest common divisor of 664 and 152.
8
Calculate the highest common factor of 12236 and 57.
19
Calculate the greatest common divisor of 76 and 20.
4
What is the greatest common factor of 559 and 13?
13
Calculate the greatest common factor of 357 and 51.
51
What is the greatest common divisor of 265 and 2438?
53
Calculate the greatest common factor of 3984 and 96.
48
What is the greatest common factor of 15 and 1365?
15
Calculate the highest common factor of 681 and 9.
3
Calculate the greatest common divisor of 2369 and 46.
23
What is the highest common divisor of 126 and 50?
2
What is the greatest common divisor of 5070 and 60?
30
What is the highest common factor of 3 and 93?
3
What is the highest common divisor of 143 and 65?
13
Calculate the highest common divisor of 1325 and 53.
53
Calculate the highest common factor of 35 and 10.
5
What is the greatest common factor of 15120 and 2205?
315
Calculate the greatest common divisor of 75 and 24.
3
Calculate the highest common divisor of 9 and 111.
3
Calculate the highest common divisor of 44 and 11.
11
Calculate the greatest common factor of 78 and 84.
6
Calculate the greatest common divisor of 396 and 2596.
44
What is the highest common factor of 14617 and 141?
47
Calculate the greatest common factor of 100 and 75.
25
Calculate the highest common divisor of 30 and 112.
2
Calculate the highest common factor of 112 and 2072.
56
What is the greatest common factor of 13668 and 102?
102
What is the greatest common divisor of 22 and 319?
11
Calculate the highest common factor of 21 and 882.
21
What is the highest common factor of 8 and 158?
2
Calculate the greatest common divisor of 2117 and 29.
29
Calculate the greatest common divisor of 11 and 660.
11
Calculate the highest common factor of 608 and 19.
19
Calculate the greatest common divisor of 16479 and 9.
9
Calculate the greatest common factor of 14 and 224.
14
Calculate the greatest common divisor of 79 and 1975.
79
Calculate the greatest common factor of 836 and 19.
19
What is the greatest common divisor of 32 and 7008?
32
Calculate the highest common divisor of 56 and 176.
8
Calculate the greatest common factor of 540 and 100.
20
Calculate the highest common factor of 5 and 15.
5
What is the greatest common divisor of 33 and 132?
33
What is the highest common factor of 48 and 12?
12
Calculate the greatest common divisor of 117 and 156.
39
Calculate the highest common factor of 291 and 3.
3
What is the greatest common factor of 85 and 25?
5
Calculate the highest common divisor of 1738 and 22.
22
What is the greatest common divisor of 819 and 637?
91
What is the greatest common factor of 19 and 171?
19
What is the highest common divisor of 6 and 472?
2
What is the highest common factor of 108 and 24?
12
Calculate the highest common divisor of 3773 and 154.
77
What is the highest common factor of 10332 and 1008?
252
Calculate the highest common factor of 114 and 12.
6
Calculate the greatest common divisor of 516 and 43.
43
What is the highest common divisor of 98 and 2?
2
What is the highest common factor of 5933 and 17?
17
What is the greatest common factor of 20579 and 13?
13
Calculate the highest common divisor of 204 and 306.
102
Calculate the greatest common divisor of 136 and 34.
34
What is the highest common divisor of 13 and 325?
13
What is the greatest common factor of 1495 and 52?
13
Calculate the greatest common divisor of 40 and 872.
8
Calculate the highest common divisor of 473 and 86.
43
Calculate the greatest common divisor of 80 and 640.
80
Calculate the highest common factor of 42 and 147.
21
Calculate the highest common divisor of 9 and 117.
9
What is the highest common factor of 11074 and 2034?
226
Calculate the highest common factor of 510 and 105.
15
What is the highest common factor of 7 and 2?
1
What is the greatest common divisor of 576 and 207?
9
What is the highest common factor of 352 and 330?
22
What is the greatest common divisor of 14 and 7?
7
Calculate the greatest common divisor of 3200 and 832.
64
What is the greatest common divisor of 380 and 10?
10
What is the highest common factor of 84 and 392?
28
What is the greatest common divisor of 15251 and 202?
101
Calculate the greatest common factor of 6620 and 10.
10
Calculate the highest common divisor of 1 and 1097.
1
Calculate the highest common divisor of 38 and 228.
38
Calculate the highest common divisor of 1760 and 50.
10
Calculate the greatest common divisor of 315 and 189.
63
Calculate the highest common divisor of 486 and 11556.
54
What is the greatest common divisor of 37 and 6?
1
Calculate the greatest common divisor of 697 and 17.
17
What is the greatest common factor of 20 and 170?
10
Calculate the highest common factor of 783 and 29.
29
Calculate the greatest common divisor of 11 and 3377.
11
Calculate the greatest common divisor of 160 and 224.
32
What is the greatest common divisor of 875 and 175?
175
Calculate the greatest common divisor of 12 and 996.
12
Calculate the highest common factor of 568 and 32.
8
Calculate the greatest common factor of 65 and 460.
5
What is the highest common factor of 1 and 109?
1
Calculate the highest common divisor of 255 and 75.
15
Calculate the highest common factor of 16588 and 156.
52
Calculate the high